 - 4 = -4*i. What is r(g)?
-28
Let i(y) = 5*y + 0*y + 4*y - 3. Let k(u) = -2*u**2 + 171*u - 1102. Let a be k(7). Give i(a).
-30
Let g(a) be the first derivative of -1 + 1/2*a**2 - 8/3*a**3 + 0*a. Suppose -2*d = -2*z + 87 - 91, 0 = -5*d + 15. What is g(z)?
-7
Let g be (-1)/(-2)*-2*6. Let t(u) be the second derivative of -1/20*u**5 - 3/2*u**2 - 25*u - 1/2*u**4 + 1/3*u**3 - 3. Give t(g).
-15
Suppose -q - 3*y + 21 = 2*q, -3*q = 2*y - 17. Let o(c) be the first derivative of c**2/2 - 2*c + 30738. Give o(q).
1
Let o(n) be the second derivative of n**3/6 - 5*n**2 + 730*n. Calculate o(15).
5
Let h be (-3 + 4)/((-2)/(-28)) - 3. Let p(z) = 4 + h - 14. Let g(l) = l + 3. Let t(y) = -g(y) + 5*p(y). What is t(4)?
-2
Suppose 330 = p + 10*p. Let d(c) = -c + 22 + p - 50. What is d(-5)?
7
Let l(q) = -38*q**3 + 12*q**2 - 42*q - 12. Let a(w) = -63*w**3 + 23*w**2 - 83*w - 25. Let g(s) = 3*a(s) - 5*l(s). Determine g(-12).
21
Let f(x) = -x**3 - 4*x**2 + 3*x + 4. Let z = 34 - 27. Suppose -25 = -z*c - 53. Calculate f(c).
-8
Let j(q) = 2*q**3 - 30*q**2 - 5*q + 79. Suppose -2*i + 64 = 2*i + c, 2*c = -i + 23. Let k be j(i). Let h(n) = -8*n + 4. Give h(k).
-28
Let d(f) be the second derivative of f**5/10 + 23*f**4/12 + 3*f**3/2 + 19*f**2/2 + 4930*f. Calculate d(-11).
41
Let f(w) be the third derivative of w**4/6 + 3*w**3 + 3063*w**2. Calculate f(9).
54
Let u be 17 - 6/3 - 11. Let k(d) = d**2 - 2*d + 9. Calculate k(u).
17
Let v(n) = n**2 + 10*n + 3. Suppose 5*y + 60 = -5*g, 2*g = -4*y - 13 - 31. Let j be v(y). Let m(k) = -k**3 - 6*k**2 - 107*k + 51*k - j + 56*k. What is m(-6)?
-3
Let m(b) = -3*b**2 - 27*b - 15. Let t(y) = y**2 - 3 - 19*y - 2*y**2 - 2 + 10*y. Let q(c) = -6*m(c) + 17*t(c). Let a be (-9 - 0) + 10/5. Determine q(a).
-9
Let a(i) be the third derivative of -i**6/120 - i**5/30 - i**4/24 - i**3/2 - 3*i**2. Let v = -5461 + 5458. Determine a(v).
9
Let f be 24 + -10 + -9 + (8 - -1). Let v(j) = -j**3 + 13*j**2 + 10*j + 50. What is v(f)?
-6
Suppose 5*q - 4*q - 9 = -x, 3*q = 2*x - 8. Let v(k) = -7*k**3 + 7*k**2 + k. Let a(y) = -9*y**3 + 7*y**2 + 2. Let f(h) = -3*a(h) + 4*v(h). What is f(x)?
22
Let t(b) = 14*b**2 - 32*b - 15. Let j(s) = 5*s**2 - 11*s - 5. Let h(g) = 17*j(g) - 6*t(g). Let a(d) = -3874*d - 135594. Let l be a(-35). Calculate h(l).
1
Let r(u) = -383 + 111 + 2*u + 249. What is r(13)?
3
Let y(d) = d**3 - 3*d**2 - 11. Let s be y(4). Let n(u) = -2*u**3 - 2*u**2 + 7*u + 3. Let z(j) = j**3 + j**2 - 3*j - 1. Let f(q) = s*z(q) + 2*n(q). Give f(1).
2
Let m = 78 + -83. Let d(s) = 3*s - 35. Let g(i) = -5*i + 64. Let u(r) = 11*d(r) + 6*g(r). What is u(m)?
-16
Let u be ((-1818)/404)/(9/6*-1). Let y(n) = 2*n**3 - n**2 - n + 3. Determine y(u).
45
Let m(k) = -159*k + 53. Let g(c) = 291*c - 108. Let i(r) = 6*g(r) + 11*m(r). Calculate i(-20).
-5
Let u(i) = 3*i**2 - 11*i + 5. Let l(g) = -7*g**2 + 11*g**2 + 25*g - 3*g**2 - 29*g - 1. Let x(w) = 4*l(w) - u(w). Give x(-2).
5
Let f(s) be the first derivative of s**3/3 + s**2/2 - 27*s + 50. Let w be (4 - (3 - 4))*(4 + -5). Give f(w).
-7
Let d(p) = p**2 + 10*p + 9. Suppose 5*t = 2*g - 23, -3*g - 17*t + 77 = -16*t. Suppose 18*j = g*j + 48. Give d(j).
-7
Let y(n) = n**3 + 25*n**2 - 7*n + 6. Let k(m) = -3*m**3 - 86*m**2 + 21*m - 17. Let p(r) = -2*k(r) - 7*y(r). Calculate p(2).
-14
Let s(r) = -24*r - r**2 + 79*r - 21*r - 34*r + 2. Let u(j) = -j**3 + 5*j**2 - 4*j - 1. Let z be u(3). Suppose 4*k + 7 + 13 = 4*m, -z = -4*m - k. What is s(m)?
-2
Suppose -33*f = -20*f + 39. Let b be -8*((10/4 - 0) + f). Let o(y) = -3*y**2 + 4*y - 1. Calculate o(b).
-33
Let s = 234 + -229. Let z(p) = s*p + 18 - 19 + 2. Suppose -2*o + 0 = -2. Give z(o).
6
Let u(p) = -2*p**3 + 43*p**2 - 19*p - 48. Suppose 49*d - 2877 = -88*d. Determine u(d).
-6
Let f(j) = -j + 17. Suppose 156*a + 4*i = 151*a + 58, -4*a = i - 64. Give f(a).
-1
Let g(s) = -4*s + 1 + 0 + s**2 - 6. Let d(u) = u**3 - 41*u**2 + 79*u + 36. Let f be d(38). Let c = 1298 + f. Give g(c).
-5
Suppose -19874 + 19856 = -r. Let u(v) = 4*v - 83. What is u(r)?
-11
Let c(r) = r**2 + 5*r - 7. Suppose k + 3*k = 248. Let u(a) = -a**3 + 7*a**2 + 6*a - 24. Let g be u(5). Let s = g - k. Calculate c(s).
-1
Let k(a) = -43*a**2 - 2*a - 9. Let f(b) = -85*b**2 - 6*b - 22. Let p(v) = -3*f(v) + 7*k(v). Calculate p(-1).
-47
Let i(u) be the first derivative of 8*u**3/3 - 4*u + 65. Let j(q) = -9*q**2 + 3. Let a(k) = -2*i(k) - 3*j(k). Give a(1).
10
Let r(u) = 6. Let h(f) = -f + 1. Let w(q) = -3*h(q) + r(q). Let x(p) be the second derivative of -p**4/12 + 26*p**2 + 11*p. Let k be x(-7). What is w(k)?
12
Let c(b) = -b**2 + b + 4. Suppose -3 = -2*m - f, 3*f - 8 = 3*m + 1. Let p(i) = 7 + 4*i - 4 + 8 + m. Let v be p(-2). Calculate c(v).
-2
Let b(k) = -14*k**2 + 72*k - 5. Suppose 5*a + 4*u - 132 + 91 = 0, a + 4*u - 21 = 0. Calculate b(a).
5
Let y(t) be the third derivative of t**4/24 - 20*t**3/3 + 17*t**2 + 517. What is y(-12)?
-52
Suppose s = -4*h + h - 3, 11 = 2*h + 5*s. Let w = h - -3. Let v(p) = 93*p - 320. Let i(z) = 181*z - 624. Let u(k) = 20*i(k) - 39*v(k). Calculate u(w).
-7
Suppose -9*j = -13*j + f - 6, -4*f + 35 = -5*j. Let i(n) be the third derivative of n**6/24 - n**5/30 + n**4/12 - n**3/6 - n**2. Determine i(j).
4
Let v = -385 + 399. Let n(k) = v - 3 - 6*k + 321*k**2 - 314*k**2 + k**3. Suppose 4*i + 20 = -12. Calculate n(i).
-5
Let u(b) be the first derivative of b**2/2 - 11548. Suppose 16 - 1 = 5*c. Give u(c).
3
Let j(v) = v**3 - 8*v**2 + 7*v - 7. Suppose -13*d + 3995 + 1166 = 0. Let s = d - 390. What is j(s)?
-7
Let t(k) be the third derivative of k**4/24 - 2*k**3/3 + k**2 - 264*k + 20. Suppose 0*y - 13 = 3*u + y, u + 23 = -5*y. Give t(u).
-7
Let v(j) = -j**3 + j. Let q(z) = -5*z**2 + 4. Let l be -7 + 6 - (-2 + 2). Let y(i) = l*q(i) - v(i). Let h(n) = n**2 - 36*n - 80. Let b be h(38). Give y(b).
16
Let h(u) be the second derivative of u**4/12 + 7*u**3/3 + 9*u**2/2 - 86119*u. Let f be (-38)/4 + (-1)/(-2). Give h(f).
-36
Let h = -181 + 205. Suppose 63 = -3*o + h. Let w(b) = b**3 + 12*b**2 - 12*b + 16. Give w(o).
3
Let q(y) = -26*y**2 - 17*y + 61. Let x(d) = 35*d**2 + 18*d - 62. Let h(i) = 4*q(i) + 3*x(i). Calculate h(9).
13
Let f(p) = p**2 + 2*p - 12. Let t = 6844 - 6841. What is f(t)?
3
Let n(g) = -3*g**2 + 6*g - 5. Let w(i) = -11*i**2 + 19*i - 14. Let t(z) = -7*n(z) + 2*w(z). What is t(10)?
-133
Let z(c) = -10*c + 56*c**2 - 29 + 39 + 4*c + 2*c**3 - 57*c**2. Give z(2).
10
Let s(m) = 2*m**2 - m - 1. Let h(d) = -d**3 + 13*d**2 + 6*d + 5. Let g(v) = -h(v) + 2*s(v). Suppose -53 + 43 = -p. What is g(p)?
13
Let g(i) = -4*i + i**2 - 4*i**2 + 5*i**2 + 115751 - 115765 + 6*i. Give g(5).
46
Let r be (1/(-2))/((-1)/(-18)). Let o(v) be the second derivative of v**3/3 + 11*v**2/2 - 5*v - 12. Determine o(r).
-7
Let x(z) = 27 - 2130*z**3 + 2*z + 2131*z**3 - 6*z**2 - 25*z. What is x(8)?
-29
Let k(q) = -q - 9. Suppose 2*g - 19 = 3*d, 18 = -5*d + g - 23. Calculate k(d).
0
Let h(c) = 11*c - 7. Suppose 5*s - 15 = -10*v, 3*v - 2 = -5*s + 6. Determine h(v).
4
Let b = -2458 - -2452. Let q(c) = -2*c**2 - 12*c - 21. Calculate q(b).
-21
Let r(g) = g**2 + 6 + 2*g + 2*g - 12*g + g. Let b(k) = -k**3 - k**2 + 6*k + 4. Let d = -122 + 119. Let i be b(d). Calculate r(i).
-6
Let i(k) = 11*k**2 - 27*k - 6. Let a(b) = 78*b**2 - 198*b - 44. Let z(f) = -3*a(f) + 22*i(f). Determine z(1).
8
Let j(l) be the second derivative of -1/6*l**4 + 22*l + 19/2*l**2 - l**3 + 0. Let h(o) be the first derivative of j(o). Calculate h(-5).
14
Let i be 6 + 460/(-45) + 2/9. Let l(u) = -7*u - 1. Let h(c) = -19*c - 2. Let t(k) = i*h(k) + 11*l(k). Calculate t(9).
-12
Let v(l) = -l**3 - 10*l**2 + 23*l - 8. Let x = -28544 - -28532. Calculate v(x).
4
Let g(a) be the first derivative of a**4/4 - 8*a**3/3 + 3*a**2 + 7*a - 104. Let x be g(7). Let k(o) = -o**3 - o**2 - 4. Determine k(x).
-4
Let y = -1 + 1. Suppose -2*a + w + 0*w = -1, 2*a - 4*w - 16 = y. Let o(j) be the first derivative of j**2 - 30436. Give o(a).
-4
Let o(g) be the third derivative of g**5/20 - 17*g**4/24 - g**3/2 - g**2 - 8420*g. Determine o(5).
-13
Let k = -697 - -1320. Let t be 76/(-14) - 356/k. Let u(x) = -3 - 3*x + 3. Calculate u(t).
18
Let x = -146 + 156. Let k(c) = 3*c**2 - 4*c - 12*c**2 + 8*c**2 + 0*c**2 + x. Determine k(-6).
-2
Let y(u) = 3*u + 8. Let x be -17 + 18 + -3 + 2 + -3. Give y(x).
-1
Let n = -4347 - 